*3 - q - 1. Let b be p(0). What are the prime factors of g(b)?
2
Let m(n) = -n - 1. Let h be m(4). Let q = h - -8. Suppose -3*v + 3*d + 24 = 0, -4*v - q*d + 3 + 1 = 0. List the prime factors of v.
2
Suppose -185 = 17*h - 22*h. List the prime factors of h.
37
Suppose 7*w = 2*w. Let f(k) = k**3 + k**2 - k + 12. What are the prime factors of f(w)?
2, 3
Suppose 10 = 5*a - 15. List the prime factors of a.
5
Suppose 33 = 5*h - 12. Suppose h - 3 = j. What are the prime factors of j?
2, 3
Suppose -5*w + 0 = 20. List the prime factors of 4/(-6)*(w - 35).
2, 13
Suppose -8 = o - 56. What are the prime factors of (4/(-16))/((-3)/o)?
2
Let c(f) = -2*f**2 - 4*f + 166. What are the prime factors of c(0)?
2, 83
Let y(l) = -l**3 + 5*l**2 - 4*l. Let t be y(3). Let m = 4 + t. List the prime factors of m.
2, 5
Suppose 2*w + 4*p = 86, 4*w - 163 = -2*p + 33. List the prime factors of w.
3, 17
Suppose -m + 0*q + 11 = -4*q, 0 = 5*m - 3*q - 55. What are the prime factors of m?
11
List the prime factors of (-6*4/20)/(3/(-460)).
2, 23
Suppose -g + 3 = -31. What are the prime factors of g?
2, 17
Let l = -127 - -226. List the prime factors of l.
3, 11
Let k(q) = -4*q - 3. What are the prime factors of k(-4)?
13
Suppose -2*k + 5*k = 0. Let h(x) = x + 4. Let d be h(k). Suppose j = -2*j - d*y + 46, -4*j = 3*y - 52. List the prime factors of j.
2, 5
Suppose 2*o + 28 = 6*o. What are the prime factors of o?
7
Suppose 0 = -2*v - 5*r - 0*r + 32, -r = -5*v + 53. Let w = v - -15. Suppose -g - 25 = -2*u, -5*g = -2*u + u + w. What are the prime factors of u?
11
Suppose 3*y = 3*k - 741, k + 5*y + 0*y = 265. What are the prime factors of k?
2, 5
Suppose -3*n - 669 - 36 = -4*q, -2*n = -3*q + 528. What are the prime factors of q?
2, 3, 29
Let f(x) = -x**2 - 8*x - 13. What are the prime factors of f(-3)?
2
Let o = -54 - -66. What are the prime factors of o?
2, 3
Let o be 4/(-18) + (-87)/(-27). Suppose o*s + 0*i - 2*i - 58 = 0, -3 = -3*i. List the prime factors of s.
2, 5
Let u be 140/5 - 3/1. Suppose g + 3*b - 5*b = 5, 3*g = -3*b + 60. Suppose -x - 4*x + g = -3*z, 0 = 5*z - u. What are the prime factors of x?
2, 3
Let k(i) = -18*i. Let v be k(-1). Suppose -3*g + 5*g - v = 0. List the prime factors of g.
3
Let r(q) = -q - 4. Let n be r(-7). What are the prime factors of 2/(1/n*2)?
3
Let q(y) = y + 10. Let h be q(-6). Suppose -4*d - 5*p + 6 + 30 = 0, -3*p = -h*d + 4. What are the prime factors of d?
2
List the prime factors of 2/(2/29) - -1.
2, 3, 5
Suppose 5*d + 6*a = 2*a + 26, 4*a - 12 = 2*d. Suppose n - 4*r + 14 = 0, -n + r + 25 = 4*n. Suppose n*v = d*v + 56. List the prime factors of v.
2, 7
Let l(w) = 7*w**3 + w**2 - w + 5. List the prime factors of l(2).
3, 7
Suppose l = 3*l + 2*i, -35 = -2*l + 5*i. Let p = -6 + 9. Suppose -2*x + p*x - l = 0. What are the prime factors of x?
5
Let j = 72 - 38. What are the prime factors of j?
2, 17
Let y(q) = -q + 11. Let k be y(7). Suppose 0 = k*j - 0*j. Let a = j + 2. List the prime factors of a.
2
Suppose -2*i = -3*i + 10. Let a = i - 6. What are the prime factors of a?
2
Let n be (-1 + 2 + -1)*1. Suppose 0*f + 2*f - 8 = n. What are the prime factors of f?
2
Let n be 12/6 - (-13 - -1). Let a = n + -12. List the prime factors of a.
2
Suppose 0 = -q - 3 + 2. Let d(u) = -13*u + 1. What are the prime factors of d(q)?
2, 7
Let a(k) = -5 - 2 + 2 + 8*k. List the prime factors of a(5).
5, 7
Let z = -25 + 11. Let u = z - -28. What are the prime factors of u?
2, 7
Let v(p) = -p**3 + 9*p**2 + 3*p - 12. Let q be v(9). Suppose -q + 171 = 3*r. What are the prime factors of r?
2, 13
Let u = 49 + 8. Let n = u - 8. List the prime factors of n.
7
Let b(w) = w - 1. Let a(z) = -3*z - 1. Let g(t) = -a(t) + 6*b(t). What are the prime factors of g(5)?
2, 5
Let j(k) = 28*k**3 + 2*k**2 - k. Let g be j(1). Suppose -3*q - g = -4*q. List the prime factors of q.
29
Let b be (82/(-4))/(4/(-8)). Let m(i) = -i**2 + 4. Let t be m(-5). Let u = t + b. What are the prime factors of u?
2, 5
Let j = 114 - 36. Let c = -17 + j. List the prime factors of c.
61
Let c(z) = -2*z**3 + 6*z**2 - 2*z - 1. Let m(p) = -1 + 0*p**3 + p**3 + 0*p**2 - p**2. Let r(u) = c(u) + 3*m(u). What are the prime factors of r(-3)?
2
What are the prime factors of (-14)/105 + 167/15?
11
Suppose 4*d - 8 = -0. Suppose d*f + 11 = 53. What are the prime factors of f?
3, 7
Let y = -33 + 23. What are the prime factors of ((-15)/y)/((-6)/(-28))?
7
Suppose 8*h - 529 = 503. What are the prime factors of h?
3, 43
List the prime factors of 15/(-60) - 377/(-4).
2, 47
Suppose 2*n + 2*h - 378 = 0, 3*n - 847 = 4*h - 252. List the prime factors of n.
193
Let k = -7 + 9. List the prime factors of k/1*45/18.
5
Suppose 19 = k - 37. List the prime factors of k.
2, 7
Let b be (-3)/6 - 46/4. Let f = 25 + b. Let o = -9 + f. List the prime factors of o.
2
Suppose -5*t = 2*f - 258, 0 = 4*t - 7*t - 2*f + 154. What are the prime factors of t?
2, 13
Suppose 32 = a - 2*d, 3*d - 2*d - 59 = -2*a. Suppose 0 = 2*p - 5*p + 3*q + a, -16 = -4*p - 2*q. Suppose p*k - k = 15. List the prime factors of k.
3
Let m = 13 + 4. List the prime factors of m.
17
Let m = 11 - 21. Let s = m + 18. What are the prime factors of s?
2
Suppose f - 135 = -19. List the prime factors of f.
2, 29
Let m(z) = z**3 + 12*z**2 - 5*z + 23. What are the prime factors of m(-12)?
83
Let p = -35 - -61. List the prime factors of p.
2, 13
What are the prime factors of (-61)/(-2) + (-24)/(-16)?
2
Let q = -38 + 59. What are the prime factors of q?
3, 7
Let m = 0 + 13. What are the prime factors of m?
13
Suppose 0 = 3*s - 4*s - 40. Let i = -29 - s. List the prime factors of i.
11
Suppose -4*l = 2*f - 46, -63 = -7*f + 2*f + 3*l. Suppose 1 = s - f. List the prime factors of s.
2
Let i(s) = 5*s - 8. Let q be i(6). Let o = q + -10. List the prime factors of o.
2, 3
Let b = 14 + -2. List the prime factors of b.
2, 3
Suppose -5*z - 10 = 3*l, -2*l + 0*l = 2*z. Let v(c) = c**3 + 5*c**2 - c + 4. List the prime factors of v(z).
3
Let y(n) = n**3 + n**2 - n. Let i be y(1). What are the prime factors of (-15)/(-1 + i + -1)?
3, 5
Let x = 53 + -31. What are the prime factors of x?
2, 11
Let p(c) = -5*c + 3. Let l(y) = -14*y + 8. Let t(o) = 3*l(o) - 8*p(o). Let x be t(3). What are the prime factors of (6/1)/(x/(-8))?
2
Let w = 299 + -71. Suppose -3*q + w = 72. What are the prime factors of q?
2, 13
Suppose 4*o = 87 - 7. Let p be 72/o*5/2. What are the prime factors of ((-66)/p)/(4/(-6))?
11
Suppose 0*r - 6 = -r. Let j = 6 - r. Suppose j = -2*x - x + 3*d - 3, -x + 5*d - 17 = 0. What are the prime factors of x?
3
Let o = 0 - -3. Let h be 1/(-2)*6/o. What are the prime factors of (-4)/(-2) + (h - -4)?
5
Suppose -2*i + 0 - 14 = 0. Let k = i - -12. Let f(h) = 3*h - 5. List the prime factors of f(k).
2, 5
Let h(p) = p**3 - 8*p**2 + 8*p - 8. What are the prime factors of h(8)?
2, 7
Suppose -g = 2*g - 102. What are the prime factors of g?
2, 17
Suppose l = 3*m - 9, 0*l - 2*m + 6 = -3*l. Suppose l = 4*j + 6 - 58. What are the prime factors of j?
13
Let y = -8 + 7. List the prime factors of y*9*10/(-15).
2, 3
Let d be 3/6 + (-7)/(-2). Suppose -28 + 92 = d*a. What are the prime factors of a?
2
Let v(q) = -q - 1. Let a be v(-6). Let k(t) be the third derivative of t**6/120 - t**5/10 + 7*t**4/24 - t**3/2 + t**2. What are the prime factors of k(a)?
7
Let i = 5 - 0. Let a(b) = -b**3 + 5*b**2. Let z be a(i). Let r = 2 - z. List the prime factors of r.
2
Let a = 2 + -8. Let s(o) = 8*o + 4. Let k(i) = -7*i - 5. Let r(n) = 5*k(n) + 4*s(n). List the prime factors of r(a).
3
Let w = -14 + 13. What are the prime factors of w + 2/((-4)/(-70))?
2, 17
Suppose -5*b + g + g = -139, 3*g + 49 = 2*b. List the prime factors of b.
29
Suppose 0 = -n + 4*n + 5*k - 20, -4*k - 11 = -3*n. Suppose 16 + 4 = n*v. List the prime factors of v.
2
Suppose -j = -5*j + 16. Suppose -3*t - 36 = -u + t, -u + 3*t = -34. Suppose j*z + 4 = u. List the prime factors of z.
2, 3
Let k = -11 - -22. List the prime factors of 26/4 + k/(-22).
2, 3
Suppose 0*o + 3*o + 27 = 0. Let h(y) = -y**3 - 7*y**2 + 14*y + 6. List the prime factors of h(o).
2, 3, 7
Let l(u) be the second derivative of -u**3/6 + 5*u**2/2 + 3*u. Let w be l(0). Suppose w*d - 29 = 76. What are the prime factors of d?
3, 7
Suppose 2*d + 4*s = d + 196, -4*d + 773 = 5*s. What are the prime fa